be the second derivative of 61*o**3/6 - 6*o**2 + 10*o. Is x(l) composite?
False
Let p = -25114 + 51247. Suppose 35*i - p = 75472. Is i prime?
True
Suppose -2*f = -5*f + 120. Let i(t) = 41*t**3 - f*t**3 + 19*t + 21*t**2 + 5 - 28. Is i(-15) a composite number?
True
Let y = 90 - 79. Suppose 0*v = -y*v + 10703. Is v a composite number?
True
Suppose -140*x + 137*x = -7335. Suppose 27*k - x = 12*k. Is k composite?
False
Let o(c) = -821*c - 3. Let s be o(-8). Suppose -s = -2*t + 2117. Is t a composite number?
True
Suppose -1594 = -7*o + 20687. Is o a prime number?
False
Is 18/(-45) + 26/195*(-67542)/(-4) composite?
False
Suppose 2*p + u - 7 = 0, u - 9 = 4*u. Let l(n) = n**3 - 5*n**2 + n - 5. Let q be l(p). Suppose q = 4*i, -3*v + i = -534 - 1533. Is v prime?
False
Suppose 4*s + 28 = -4*b, 3*s - 2*s + 13 = -2*b. Suppose -12 = 7*u - 3*u. Is u*4/b + (24 - 3) composite?
False
Let c be (-8)/(-6)*1428/136. Is 38000/28 - (-1 + 16/c) a prime number?
False
Let y be (1556/12 - 0)/(1/105). Let n = y - 9662. Is n prime?
False
Suppose 14*k + 29*k - 27*k = 1124432. Is k prime?
False
Suppose -235*g + 69415 = -230*g. Is g prime?
True
Suppose 0 = 2*s + 1851 + 809. Let p = -699 - s. Is p a composite number?
False
Suppose 2*o + 4 = 9*u - 7*u, -2*o + 11 = u. Suppose v + u*v = 2994. Is v prime?
True
Is 3*2578*1 - 145/(-638)*-22 prime?
False
Let w = 201 - 33. Suppose 7*m + w = -7*m. Let j(g) = -g**3 + g**2 + 3*g + 1. Is j(m) prime?
False
Let h be (-6)/3*-4226 - 12/(-3). Is (-5 - -13) + -3 + h a composite number?
False
Let y(s) = s**2 + 3*s - 16. Let a be y(-6). Let m be (0/(-6))/(a - 3). Suppose -3*c + c - 3*j = -1519, 4*c + 2*j - 3034 = m. Is c prime?
False
Suppose -769 + 2 = -p. Suppose -2*f - 4*x = -1604, 2*x + p = f - 55. Is 4*1*(-3 - f/(-8)) a prime number?
False
Let v(o) = 23*o**2 - 24*o + 8. Suppose 9*f - 90 = -27. Is v(f) a composite number?
False
Suppose 0 = -3*r + 1369 - 226. Suppose -5*f + 295 + 470 = q, 5*q = 5*f - 735. Suppose -f = -a + r. Is a a composite number?
True
Let i be (-797390)/(-70) + 4/(-14) - 0. Suppose 14*d - 12843 - i = 0. Is d prime?
False
Let n(x) = -278*x**3 - x**2 - 17*x - 71. Is n(-4) a prime number?
False
Let s = 274293 - 171635. Is s composite?
True
Suppose 2*c - 39766 = -s, -4*c + 3*s + 79536 = 4*s. Let h = c + -5128. Is h a prime number?
False
Let z = -5 + -3. Let r(u) = 174*u**2 + 9*u - 2. Let y(g) = 88*g**2 + 4*g - 1. Let q(s) = 6*r(s) - 11*y(s). Is q(z) a prime number?
True
Let a(i) = 79*i**2 + 134*i + 481. Is a(106) a composite number?
True
Let v = -56534 - -93367. Is v a prime number?
True
Suppose 3311785 = 66*j - 7753181. Is j a prime number?
False
Suppose h = 2*x + 16, 2*x - 3*x - 4*h = -1. Let d(b) = 21*b + 14. Let t be d(-1). Is 83*2*(x/2)/t a composite number?
False
Let q(b) = 26*b + 258. Let s be q(-9). Suppose -72721 = -s*k - 3625. Is k composite?
False
Let i be 0 - (44 + -2) - (-4 - -1). Let t be 13/(i/58014) - 2. Is 4/(-48)*4 + t/(-6) prime?
False
Suppose -8*z + 526 = -6*z. Let q = 128 - z. Let n = 232 + q. Is n a prime number?
True
Is (42/(-525) - (-969)/(-75))/((-5)/4765) composite?
True
Let t = 32 - 29. Suppose 2*n - 528 = t*n. Let c = 782 + n. Is c prime?
False
Let f = -52 + 56. Suppose -3*k + 4*r - 14 = 0, 0*r = -2*k + f*r - 12. Is k/(-7) + (-23)/7 - -202 composite?
False
Suppose 0 = -4*g + 6*g - 4. Suppose 4*a + 3415 - 47331 = -4*v, -21952 = -g*v + a. Is v prime?
False
Let n(i) = -7*i - 69. Let s be n(-11). Is 2*(14588/s + -3) prime?
False
Let i(l) = -3*l + 78. Let y be i(22). Let o(q) = -q**3 + 17*q**2 + 15*q - 11. Is o(y) prime?
False
Let m(k) = -29 + 9 - 21 - 18 - 272*k. Is m(-29) prime?
True
Suppose -5*j = -35, 2*j = 2*w - 880725 + 335911. Is w composite?
True
Let o = 136180 + -95441. Is o composite?
False
Let h = -23265 - -255875. Is 2/6 + h/30 a composite number?
True
Let n(v) = 2*v + 84. Let k be n(-38). Suppose 67*w + 18342 = 2*b + 69*w, 4*w = k. Is b a composite number?
True
Let g(i) = -922*i**2 - 1. Let y be g(2). Let z = 6159 + -11521. Let f = y - z. Is f a prime number?
False
Let n(d) = 1617*d**2 - 4*d - 4. Let s(z) = 1618*z**2 - 3*z - 3. Let o(b) = -5*n(b) + 6*s(b). Is o(-1) prime?
False
Suppose -3*r = -2*a - 161091, 214808 = 4*r + 172*a - 168*a. Is r composite?
False
Suppose 5*i - 110 = -0*i. Is 11906/i - 34/187 prime?
True
Suppose 4*h = -2*a + 1675344, 5*a - 584427 - 253237 = -2*h. Is h prime?
True
Suppose 0 = 3*v + 3*z + 131643, -4*v + 5*z + 59253 = 234822. Is v/18*(-55 - -46) a composite number?
False
Let a(j) be the first derivative of j**6/360 - j**5/30 + 3521*j**4/24 + 34*j**3/3 + 10. Let r(l) be the third derivative of a(l). Is r(0) a prime number?
False
Let g = -40 - -60. Let l(s) = -s**2 + 8*s - 9. Let b be l(7). Is -186*(g/(-8) - b) - 2 a prime number?
False
Suppose -4*g - b = 3, 0 = -3*g - 2*b + 1 + 3. Let i be g + (12/(-42))/((-2)/28). Suppose -6*l + 5380 = -i*l. Is l a composite number?
True
Let s(w) = -80768*w + 539. Is s(-4) prime?
False
Let t(a) = 2*a - 10. Let r be t(9). Suppose 2*v - 4 = m - 4*m, -2*m = -r. Is (-5)/((-10)/v)*2798/(-4) prime?
True
Suppose 10*y - 59 - 31 = 0. Suppose -1357 = -3*n + n + o, -3*o = y. Is n a composite number?
False
Let s be 13*(0/4 - -387). Let p = s - 2788. Is p a composite number?
False
Let z(w) = 2137*w - 2119. Is z(38) prime?
True
Is 6/(-8)*(-6275320)/570 a composite number?
True
Suppose 0 = 5*x + 4*t - 9446, 3*t + 2695 + 6758 = 5*x. Let w = 1697 + x. Is w a composite number?
True
Let x(p) = 5*p + 66. Let o be x(-14). Let j(d) = -127*d + 75. Is j(o) a prime number?
False
Let u be (-42)/(-1)*159/18*45. Suppose 12*l - u = 90669. Is l a composite number?
True
Let c = 364251 - 104928. Is c composite?
True
Let t = -246 - -247. Is t/(-4*(-1)/5492) composite?
False
Let n(j) = -31320*j - 1693. Is n(-11) composite?
True
Suppose -5*m + 54 = 49. Is -188 - -845 - (-5 + 0)/m a prime number?
False
Let k = -5 + 8. Let t(v) = v**3 - 76*v**2 + 83*v - 101. Let u be t(75). Suppose 0 = z + k, -s = z - u - 79. Is s prime?
False
Suppose -30*o - 21*o = -39*o - 174228. Is o prime?
True
Let q(m) = -1068*m - 17. Let a be 125 + -127 + (2*-3)/2. Is q(a) composite?
False
Let a(y) = -y**3 + 4*y**2 + 10*y - 36. Let v be a(4). Suppose 4*l - 8*l + 8453 = p, -v*p - l = -33842. Is p prime?
True
Let w(l) = -l**3 + 25*l**2 + 23*l + 83. Let q be w(26). Suppose q*a - 2573 = -3*y, a = -3*y + 1224 + 1333. Is y composite?
True
Suppose -4*g = -o - o + 958, -5*g = o - 514. Suppose -v + 203 = -o. Suppose 612 = 8*y - v. Is y prime?
True
Let t be (-3334740)/396 - 18/(-297). Suppose -4*u - 20801 - 759 = 0. Let m = u - t. Is m a composite number?
True
Is ((-14)/3)/(-1*(-11)/(-1745997)) - -3 a prime number?
False
Suppose -4068 = -3*x + 2*h + h, 2*x - 4*h = 2722. Suppose q = -s - 789, 0 = -4*s + 3*s + q - 787. Let j = s + x. Is j a composite number?
False
Let t be ((-9)/(-12))/(-3)*-12. Suppose -t*f + x + 5379 = -2*x, 5*f - x = 8973. Is f a prime number?
False
Suppose -4*i + 2*l - 5*l = -6, -4*i = 5*l - 10. Suppose 54 - 984 = -5*b. Suppose -2*x + 2*f + b = -178, i = x - 5*f - 162. Is x composite?
True
Let z = -30 - -84. Let u(p) = 0 - 3*p + 29 - 13 + z*p**2. Is u(5) prime?
False
Is (429317*(-65)/182)/((1/1)/(-2)) a prime number?
False
Let l(t) = 2*t**3 - 2*t**2 - 3*t - 14 + 2*t - 8*t**3. Suppose 13*f + 30 = 7*f. Is l(f) composite?
False
Let b(z) = 2*z**2 + 3*z + 15. Let h be b(0). Suppose -7358 = -2*j + h*j. Is j*(-22)/28 - 2/(-7) a composite number?
True
Let x = -25880 - -6922. Is (x/(-4))/((-10)/60*-3) composite?
False
Let k(i) = 2120*i + 19. Let h(j) = 1413*j + 12. Let b(d) = 8*h(d) - 5*k(d). Is b(5) composite?
True
Suppose 4*k + d = -34, -3*k + 50 = -8*k - 5*d. Let b(f) = -3*f**3 - 15*f**2 - 10*f + 17. Is b(k) a prime number?
True
Suppose -23*j - 30 = -29*j. Suppose 6*q + j*q - 28369 = 0. Is q a prime number?
True
Suppose 64*v = 2*v + 235804446 - 75288740. Is v prime?
False
Suppose -114 = 25*p - 63*p. Suppose -7987 = -2*x + 5*u, x - p*u - 2*u - 3986 = 0. Is x a prime number?
True
Let t be (8 - -2) + 0 + -3. Let c = 13 - t. Let f(i) = 2*i**2 + 5*i - 5. Is f(c) a prime number?
True
Suppose 0 = -3*z + 2*r - 10, -2*z - 3*r + 5*r = 10. Suppose -5*t + 5 = z, d + 5*t = -0*d + 948. Is d a composite number?
True
Let m be 1 + 5/(20/8)*1. Let c(b) = -13 - b**3 - 16*b + 122*b**2 + m - 110*b**2. Is c(7) pr